))/6). Is 1/(12/l)*-6 composite?
False
Let k = -13583 - -24882. Is k composite?
False
Let b(p) = p**3 - 8*p**2 - 2*p - 10. Suppose 11 + 54 = -5*r. Let s = 22 + r. Is b(s) prime?
True
Is (-4039200)/(-462) - ((-8)/7 - -1) prime?
False
Suppose -3*i = 7 - 46. Let k = i + -2. Is k a composite number?
False
Let u = 9101 + -5346. Is u a prime number?
False
Let b = -26978 - -95611. Is b a prime number?
True
Let h(x) = 72*x + 2. Let f be h(4). Suppose i - 154 = 3*q, 3*i - 821 = -2*i - 2*q. Let c = f - i. Is c a prime number?
True
Is (-70 + -3)*(-4 - 1) composite?
True
Is (6/9)/(36/442962) composite?
True
Suppose -5*z - 553 = 542. Let v = 360 + z. Is v prime?
False
Suppose 4*f + f = 0. Suppose -2*u = b, 3*u - b - b = f. Suppose u = -z + 4*z - 165. Is z prime?
False
Let p = -3252 + 11911. Is p composite?
True
Suppose 3*b - 40 = -4*w - b, 5*w = -b + 66. Suppose -4 + w = 2*a. Suppose -a*m = -0*m + p - 819, 0 = 5*m - p - 811. Is m a prime number?
True
Is ((-55722)/(-8))/((-6)/(-8)) composite?
True
Let d = -16 - -12. Let a(b) = 24*b**2 + 2*b + 1. Is a(d) a composite number?
True
Let g(u) = u - 9. Let r be g(11). Suppose 0*q + 256 = p - q, -3*p = -r*q - 763. Is p a composite number?
False
Let w(a) = -18*a - 15. Suppose -3*b - 61 = -5*f, -6*f + 2*f = 4*b + 28. Is w(b) a composite number?
True
Suppose -2*w + 8 = 4. Let n be (-1 + -1 - -2) + w. Suppose -n*p + 46 = -6. Is p composite?
True
Suppose -l = -5*l - 716. Let d = l - -444. Is d a prime number?
False
Let s(q) = 3*q**3 - 15*q**2 - 21*q + 10. Is s(13) composite?
False
Let v(g) = g**2 + g + 7. Let q be v(11). Let f = q + 240. Is f composite?
False
Is 2 - ((-39571 - 2) + 6) a composite number?
False
Let i = -3 - -4. Let r = -201 + 21. Is r/(-12) + -5 + i prime?
True
Let b = 303 - -36. Suppose 278 = 5*c + 4*f, -4*f - 186 = -3*c - 0*f. Let q = c + b. Is q prime?
True
Suppose 15*a - 2297 = -602. Is a prime?
True
Let f be (-1)/(-2) + 7/2. Suppose -12 = -f*t + 8*t. Is t/(-12) - 2985/(-12) composite?
True
Let u = 551 + -142. Is u a composite number?
False
Suppose 4*b = -4*i + 320, 3*i + 2*b - 324 = -i. Let k = 18 - i. Is (9 - 0)/3 - k prime?
True
Let v be (-5)/1 - (-18 + 9). Suppose 0 = v*s - 2502 - 1270. Is s prime?
False
Let y(u) = 11*u**3 - 84*u**2 - 21*u - 7. Is y(12) composite?
False
Let t(s) = 142*s + 21. Let o(k) = -47*k - 7. Let w(d) = -7*o(d) - 2*t(d). Is w(2) a prime number?
True
Let w = -5 + 14. Let a(f) = f**3 - 10*f**2 + 9*f + 5. Let r be a(w). Let u = r - -18. Is u a composite number?
False
Let m(k) = -3*k**3 + 5*k + 17 + 5*k**3 + k + 5*k**2. Is m(8) a composite number?
False
Let w be (-10)/(-4) + (-2)/4. Suppose b + 4*l = 0, 0 = 2*b - 6*b + w*l. Is -2 + 5 + b + 1166 composite?
True
Let j = 3 - -4. Suppose -j = -d + a, 4*d + 3*a = -d - 5. Suppose d*l = 86 - 0. Is l a composite number?
False
Let z(g) = 1464*g**3 + 2*g**2 - 3*g + 2. Let s be 6/9 - ((-20)/6 - -3). Is z(s) prime?
False
Let j = 168503 + -57880. Is j a composite number?
False
Let g = 1496 - -1250. Is g a composite number?
True
Suppose 75*c = 67*c + 34616. Is c composite?
False
Suppose 3*n - 4*j - 50 = 0, -4*n + 4*j + 50 = -10. Let f = n - 23. Let c = 1 - f. Is c a composite number?
True
Let o(a) = 3*a**2 + 5*a + 8. Let l be o(7). Let b = 223 + l. Is b a prime number?
False
Let d(c) = -4*c**3 - 6*c**2 + 5*c - 8. Let n(g) = 11*g**3 + 17*g**2 - 16*g + 23. Let w(p) = -8*d(p) - 3*n(p). Is w(-6) a prime number?
False
Let x(l) = -27*l - 41*l + 1 - 2 + 2. Suppose -3*s + 0*s - 3 = 0. Is x(s) prime?
False
Suppose -3*z - 5*y = -199, -2*z + 156 - 24 = 3*y. Is (-14)/z + 533/9 prime?
True
Let c(n) = 3*n**2 + 5*n - 3. Let o = 5 - 7. Let m be 1 - (o/1 - -10). Is c(m) prime?
True
Suppose 0 = -5*g + 9458 + 3107. Is g a composite number?
True
Suppose -2*q - 5*g = -722, 38*g = 5*q + 39*g - 1851. Is q a composite number?
True
Let u(r) = -r + 1. Let p(d) = -3*d - 549. Let m(b) = -b - 5. Let q be m(-4). Let f(h) = q*p(h) + 4*u(h). Is f(0) prime?
False
Suppose 5*r + 200 = 5*h, r + 3*r + 40 = h. Is 1 + 13923/15 + (-8)/h a composite number?
False
Let q = 110556 - 76609. Is q a composite number?
True
Suppose 480*v + 9484 = 484*v. Is v a composite number?
False
Suppose -6*l = -5*l + 25. Let g = -21 - l. Suppose c - g*b + b - 214 = 0, -b + 895 = 4*c. Is c composite?
False
Let t(v) = -v**3 - 5*v**2 - 7. Let j be t(-5). Let s(l) = 4*l**2 + l + 5. Let f be s(j). Is (f/3)/(2/3) a prime number?
True
Suppose 0 = -4*j - f + 201, -5*j + 2*f = -66 - 195. Suppose 5*r - 3*d - 111 = 0, -5*r - 3*d = -j - 48. Is r a composite number?
True
Let w be 32/(-6)*(-3)/2. Let i(n) = 3*n**2 - 6*n - 1. Is i(w) composite?
True
Let q = -30 + 35. Let o(l) = 7*l**2 + 2 + 3*l - 1 + 0*l + q*l**3 - 12*l**2. Is o(4) a prime number?
False
Let v(j) = -7*j**2 + 52*j - 6. Is v(5) composite?
False
Let p = -26 - -28. Suppose -7*r = -p*r - 15. Suppose r*s = 4*c + 717, -3*s - c + 699 = c. Is s composite?
True
Let r(c) = 346*c**2 + 3*c - 41. Is r(4) composite?
False
Is 5 + -10 - 23*-21*150 a prime number?
False
Suppose 4*t = -5*g + 351, -5*t - 2*g + 189 + 254 = 0. Let n be -3 - -1*1*1. Let p = n + t. Is p a prime number?
False
Let k(y) be the second derivative of 161*y**5/60 + y**4/24 + y**3/6 - 7*y**2/2 + 10*y. Let h(x) be the first derivative of k(x). Is h(-1) prime?
False
Let r(x) = 113*x**2 + 15*x - 155. Is r(26) a composite number?
True
Let m = 48 - 15. Suppose -m*q + 491 = -32*q. Is q prime?
True
Let v = 0 + -3. Let g be 4 - 0/(v + 0). Suppose g*i - 753 - 771 = 0. Is i a composite number?
True
Let q be 2*1*-1 + 407/37. Let m(a) = 2*a + 6. Let l(o) = 5*o + 12. Let c(t) = 3*l(t) - 5*m(t). Is c(q) composite?
True
Let n(s) = 0 + 1 + s**2 + 4*s + 14*s**3 - 5*s**2. Let w be n(4). Is 2*w/6 - -4 composite?
True
Suppose -w = -b - 10, 22 = -17*b + 15*b + 3*w. Let c(r) = 0*r**3 - 10*r - 5 - 6*r**2 - 2*r**3 + r**3. Is c(b) composite?
True
Is (6954376/(-72))/(-11) - (-4)/18 a composite number?
True
Suppose 0 + 6 = 3*n. Suppose 3*d = -h - 211, 0 = h + n*d - 3*d + 203. Let v = h - -294. Is v composite?
False
Let m be 2/1 + -1 + -3. Let l(p) = 12*p**2 + p - 1. Let y be l(m). Suppose -j - 3*j + 114 = 2*f, f = j + y. Is f composite?
True
Let l(h) = -2*h + 16. Let q be l(6). Suppose 0 = -m - q*m + 5*y + 3495, -3*y - 691 = -m. Is m composite?
True
Let z = -12590 + 29561. Is z a composite number?
True
Let r = 1078 + 33391. Is r a composite number?
False
Suppose -3*m = 4*s + 1, 2*s - 2 = -2*s - 2*m. Is 377 - s/(3 + -4) a composite number?
False
Suppose 2*t - 861 - 2333 = 0. Is t a prime number?
True
Let i(t) = t**3 - 2*t**2 - 2*t + 482. Let v be i(0). Is (0 - -2) + 0 + (v - 3) composite?
True
Suppose 4*k - 2*k = 0. Suppose k = z - 0*z + 4*m - 26, 2*z + 5*m - 52 = 0. Is z prime?
False
Suppose -65 = -3*f - 3*v - 320, -5*v + 223 = -3*f. Is (-4)/18 - 23265/f a prime number?
False
Let n = -1196 - -1737. Is n a composite number?
False
Let i(k) = 5*k**2 - 15*k - 53. Let j(w) = -w**2 + w. Let c(s) = i(s) + 3*j(s). Is c(12) composite?
True
Suppose 3*t - 4 = t + 2*y, 4*y = -3*t - 8. Let g be 2*(3 + t - -80). Is -2 + (0 - 1) + g a prime number?
True
Suppose -64 = 4*r + 4*k, -3*r + 5*k = 14 + 26. Let v(i) = i**3 + 16*i**2 + 10*i + 31. Is v(r) composite?
True
Let o(q) = 6*q**3 - 6*q**2 - q + 5. Let j be o(4). Let c = j + 214. Is c a prime number?
True
Let b(h) = 36*h**2 + 97*h + 96. Is b(-31) prime?
False
Is 6 + 2831 + (-5 - -5) composite?
False
Let x be (-4)/(-16) - 35/(-4). Is 3/((-1)/((-978)/x)) prime?
False
Let q(x) = 12*x**2 - 17*x - 30. Let k be q(-13). Suppose 6691 = 3*p - 4*v, 5*v - k - 43 = -p. Is p composite?
False
Suppose -5*o = 96856 - 325031. Is o a composite number?
True
Let z = 45 + -20. Let s be (-10)/z*30/3. Is (6/s)/((-12)/1528) composite?
False
Suppose -j = -2*d - 1, 13 = 3*d + d + j. Let r be 37656/44 - d/(-11). Suppose 4*q - r + 92 = 0. Is q a prime number?
True
Let n(v) = 447*v + 2. Suppose -2 = -5*t + 3. Is n(t) prime?
True
Suppose -5*k - 5*y + 1716 = 26, k - 350 = 3*y. Is k prime?
False
Let c = -4577 + 2921. Let n = -859 - c. Is n composite?
False
Let i(t) = 3*t + 6. Let c(s) = s**3 - 7*s**2 + 5*s + 4. Let u be c(6). Let n be i(u). Suppose n = 5*g - 58 - 37. Is g a prime number?
True
Let c(u) = -302*u + 75. Is c(-14) prime?
False
Let c be -1*5/(3 - -2). Let a(l) = 98*l**2 + l. Is a(c) a prime number?
True
Supp